{"id":88,"date":"2021-01-07T21:42:19","date_gmt":"2021-01-07T20:42:19","guid":{"rendered":"https:\/\/karamazov.fr\/blog\/?page_id=88"},"modified":"2021-01-07T22:14:03","modified_gmt":"2021-01-07T21:14:03","slug":"pourquoi-moi","status":"publish","type":"page","link":"https:\/\/karamazov.fr\/blog\/pourquoi-moi\/","title":{"rendered":"Pourquoi moi ?"},"content":{"rendered":"\n<p>Je vais pas \u00e9crire un roman l\u00e0 dessus mais au moins pour faire les pr\u00e9sentations.<\/p>\n\n\n\n<p>Moi c&rsquo;est Florian, j&rsquo;ai 34 ans et je vis \u00e0 Annecy en haute Savoie.<\/p>\n\n\n\n<p>Je travaille dans l&rsquo;informatique pour l&rsquo;\u00e9quivalent \u00e0 Orange en Suisse, je pourrai parler pendant des heures de ce m\u00e9tier qui me passionne mais on n&rsquo;est pas l\u00e0 pour \u00e7a.<\/p>\n\n\n\n<p>Autre caract\u00e9ristique : comme pas mal de gens que je connais : J&rsquo;aime la bi\u00e8re \u2764\ufe0f<\/p>\n\n\n\n<p>C&rsquo;est s\u00fbrement ce qui m&rsquo;am\u00e8ne \u00e0 m&rsquo;int\u00e9resser \u00e0 ce point au sujet, mais aussi parce que j&rsquo;ai r\u00e9cemment suivi une journ\u00e9e d&rsquo;initiation \u00e0 la brasserie chez \u00ab\u00a0<a href=\"https:\/\/www.artmalte.com\/\">art malt\u00e9<\/a>\u00ab\u00a0. Ce jour l\u00e0 j&rsquo;ai \u00e9t\u00e9 impressionn\u00e9 par le niveau technique atteint aujourd&rsquo;hui pour arriver \u00e0 faire les bi\u00e8res les plus savoureuses. J&rsquo;\u00e9tais bien loin de m&rsquo;imaginer \u00e0 quel point chaque d\u00e9tail compte et c&rsquo;est ce qui rend la chose passionnante. <\/p>\n\n\n\n<p>Bref, par passion et int\u00e9r\u00eat soudain (d\u00e9clench\u00e9 par le cadeau que j&rsquo;ai eu \u00e0 mon dernier anniversaire), je me lance \u00e0 fond dans le d\u00e9lire, tu l&rsquo;auras compris c&rsquo;est comme \u00e7a que je fonctionne, c&rsquo;est tout ou rien \ud83d\ude01<\/p>\n\n\n\n<p><\/p>\n","protected":false},"excerpt":{"rendered":"<p>Je vais pas \u00e9crire un roman l\u00e0 dessus mais au moins pour faire les pr\u00e9sentations. Moi c&rsquo;est Florian, j&rsquo;ai 34 ans et je vis \u00e0 Annecy en haute Savoie. Je travaille dans l&rsquo;informatique pour l&rsquo;\u00e9quivalent \u00e0 Orange en Suisse, je pourrai parler pendant des heures de ce m\u00e9tier qui me passionne mais on n&rsquo;est pas &#8230; <a title=\"Pourquoi moi ?\" class=\"read-more\" href=\"https:\/\/karamazov.fr\/blog\/pourquoi-moi\/\" aria-label=\"Plus sur Pourquoi moi ?\">Lire plus<\/a><\/p>\n","protected":false},"author":1,"featured_media":0,"parent":0,"menu_order":0,"comment_status":"closed","ping_status":"closed","template":"","meta":{"give_campaign_id":0,"footnotes":""},"class_list":["post-88","page","type-page","status-publish"],"yoast_head":"<!-- This site is optimized with the Yoast SEO plugin v27.4 - https:\/\/yoast.com\/product\/yoast-seo-wordpress\/ -->\n<title>Pourquoi moi ? - Karamazov - LE BLOG<\/title>\n<meta name=\"description\" content=\"Une toute nouvelle brasserie artisanale annecienne pour les amoureux du houblon\" \/>\n<meta name=\"robots\" content=\"index, follow, max-snippet:-1, max-image-preview:large, max-video-preview:-1\" \/>\n<link rel=\"canonical\" href=\"https:\/\/karamazov.fr\/blog\/pourquoi-moi\/\" \/>\n<meta property=\"og:locale\" content=\"fr_FR\" \/>\n<meta property=\"og:type\" content=\"article\" \/>\n<meta property=\"og:title\" content=\"Pourquoi moi ? - Karamazov - LE BLOG\" \/>\n<meta property=\"og:description\" content=\"Une toute nouvelle brasserie artisanale annecienne pour les amoureux du houblon\" \/>\n<meta property=\"og:url\" content=\"https:\/\/karamazov.fr\/blog\/pourquoi-moi\/\" \/>\n<meta property=\"og:site_name\" content=\"Karamazov - LE BLOG\" \/>\n<meta property=\"article:modified_time\" content=\"2021-01-07T21:14:03+00:00\" \/>\n<meta name=\"twitter:card\" content=\"summary_large_image\" \/>\n<meta name=\"twitter:label1\" content=\"Dur\u00e9e de lecture estim\u00e9e\" \/>\n\t<meta name=\"twitter:data1\" content=\"1 minute\" \/>\n<script type=\"application\/ld+json\" class=\"yoast-schema-graph\">{\"@context\":\"https:\\\/\\\/schema.org\",\"@graph\":[{\"@type\":\"WebPage\",\"@id\":\"https:\\\/\\\/karamazov.fr\\\/blog\\\/pourquoi-moi\\\/\",\"url\":\"https:\\\/\\\/karamazov.fr\\\/blog\\\/pourquoi-moi\\\/\",\"name\":\"Pourquoi moi ? - Karamazov - LE BLOG\",\"isPartOf\":{\"@id\":\"https:\\\/\\\/karamazov.fr\\\/blog\\\/#website\"},\"datePublished\":\"2021-01-07T20:42:19+00:00\",\"dateModified\":\"2021-01-07T21:14:03+00:00\",\"description\":\"Une toute nouvelle brasserie artisanale annecienne pour les amoureux du houblon\",\"breadcrumb\":{\"@id\":\"https:\\\/\\\/karamazov.fr\\\/blog\\\/pourquoi-moi\\\/#breadcrumb\"},\"inLanguage\":\"fr-FR\",\"potentialAction\":[{\"@type\":\"ReadAction\",\"target\":[\"https:\\\/\\\/karamazov.fr\\\/blog\\\/pourquoi-moi\\\/\"]}]},{\"@type\":\"BreadcrumbList\",\"@id\":\"https:\\\/\\\/karamazov.fr\\\/blog\\\/pourquoi-moi\\\/#breadcrumb\",\"itemListElement\":[{\"@type\":\"ListItem\",\"position\":1,\"name\":\"Accueil\",\"item\":\"https:\\\/\\\/karamazov.fr\\\/blog\\\/\"},{\"@type\":\"ListItem\",\"position\":2,\"name\":\"Pourquoi moi ?\"}]},{\"@type\":\"WebSite\",\"@id\":\"https:\\\/\\\/karamazov.fr\\\/blog\\\/#website\",\"url\":\"https:\\\/\\\/karamazov.fr\\\/blog\\\/\",\"name\":\"Karamazov - LE BLOG\",\"description\":\"Les aventures d&#039;un brasseur amateur...\",\"publisher\":{\"@id\":\"https:\\\/\\\/karamazov.fr\\\/blog\\\/#organization\"},\"potentialAction\":[{\"@type\":\"SearchAction\",\"target\":{\"@type\":\"EntryPoint\",\"urlTemplate\":\"https:\\\/\\\/karamazov.fr\\\/blog\\\/?s={search_term_string}\"},\"query-input\":{\"@type\":\"PropertyValueSpecification\",\"valueRequired\":true,\"valueName\":\"search_term_string\"}}],\"inLanguage\":\"fr-FR\"},{\"@type\":\"Organization\",\"@id\":\"https:\\\/\\\/karamazov.fr\\\/blog\\\/#organization\",\"name\":\"karamazov\",\"url\":\"https:\\\/\\\/karamazov.fr\\\/blog\\\/\",\"logo\":{\"@type\":\"ImageObject\",\"inLanguage\":\"fr-FR\",\"@id\":\"https:\\\/\\\/karamazov.fr\\\/blog\\\/#\\\/schema\\\/logo\\\/image\\\/\",\"url\":\"https:\\\/\\\/karamazov.fr\\\/blog\\\/wp-content\\\/uploads\\\/2021\\\/01\\\/logo_1_original_green7934934127225191496.png\",\"contentUrl\":\"https:\\\/\\\/karamazov.fr\\\/blog\\\/wp-content\\\/uploads\\\/2021\\\/01\\\/logo_1_original_green7934934127225191496.png\",\"width\":1140,\"height\":1140,\"caption\":\"karamazov\"},\"image\":{\"@id\":\"https:\\\/\\\/karamazov.fr\\\/blog\\\/#\\\/schema\\\/logo\\\/image\\\/\"}}]}<\/script>\n<!-- \/ Yoast SEO plugin. -->","yoast_head_json":{"title":"Pourquoi moi ? - Karamazov - LE BLOG","description":"Une toute nouvelle brasserie artisanale annecienne pour les amoureux du houblon","robots":{"index":"index","follow":"follow","max-snippet":"max-snippet:-1","max-image-preview":"max-image-preview:large","max-video-preview":"max-video-preview:-1"},"canonical":"https:\/\/karamazov.fr\/blog\/pourquoi-moi\/","og_locale":"fr_FR","og_type":"article","og_title":"Pourquoi moi ? - Karamazov - LE BLOG","og_description":"Une toute nouvelle brasserie artisanale annecienne pour les amoureux du houblon","og_url":"https:\/\/karamazov.fr\/blog\/pourquoi-moi\/","og_site_name":"Karamazov - LE BLOG","article_modified_time":"2021-01-07T21:14:03+00:00","twitter_card":"summary_large_image","twitter_misc":{"Dur\u00e9e de lecture estim\u00e9e":"1 minute"},"schema":{"@context":"https:\/\/schema.org","@graph":[{"@type":"WebPage","@id":"https:\/\/karamazov.fr\/blog\/pourquoi-moi\/","url":"https:\/\/karamazov.fr\/blog\/pourquoi-moi\/","name":"Pourquoi moi ? - Karamazov - LE BLOG","isPartOf":{"@id":"https:\/\/karamazov.fr\/blog\/#website"},"datePublished":"2021-01-07T20:42:19+00:00","dateModified":"2021-01-07T21:14:03+00:00","description":"Une toute nouvelle brasserie artisanale annecienne pour les amoureux du houblon","breadcrumb":{"@id":"https:\/\/karamazov.fr\/blog\/pourquoi-moi\/#breadcrumb"},"inLanguage":"fr-FR","potentialAction":[{"@type":"ReadAction","target":["https:\/\/karamazov.fr\/blog\/pourquoi-moi\/"]}]},{"@type":"BreadcrumbList","@id":"https:\/\/karamazov.fr\/blog\/pourquoi-moi\/#breadcrumb","itemListElement":[{"@type":"ListItem","position":1,"name":"Accueil","item":"https:\/\/karamazov.fr\/blog\/"},{"@type":"ListItem","position":2,"name":"Pourquoi moi ?"}]},{"@type":"WebSite","@id":"https:\/\/karamazov.fr\/blog\/#website","url":"https:\/\/karamazov.fr\/blog\/","name":"Karamazov - LE BLOG","description":"Les aventures d&#039;un brasseur amateur...","publisher":{"@id":"https:\/\/karamazov.fr\/blog\/#organization"},"potentialAction":[{"@type":"SearchAction","target":{"@type":"EntryPoint","urlTemplate":"https:\/\/karamazov.fr\/blog\/?s={search_term_string}"},"query-input":{"@type":"PropertyValueSpecification","valueRequired":true,"valueName":"search_term_string"}}],"inLanguage":"fr-FR"},{"@type":"Organization","@id":"https:\/\/karamazov.fr\/blog\/#organization","name":"karamazov","url":"https:\/\/karamazov.fr\/blog\/","logo":{"@type":"ImageObject","inLanguage":"fr-FR","@id":"https:\/\/karamazov.fr\/blog\/#\/schema\/logo\/image\/","url":"https:\/\/karamazov.fr\/blog\/wp-content\/uploads\/2021\/01\/logo_1_original_green7934934127225191496.png","contentUrl":"https:\/\/karamazov.fr\/blog\/wp-content\/uploads\/2021\/01\/logo_1_original_green7934934127225191496.png","width":1140,"height":1140,"caption":"karamazov"},"image":{"@id":"https:\/\/karamazov.fr\/blog\/#\/schema\/logo\/image\/"}}]}},"campaignId":"","jetpack-related-posts":[],"jetpack_sharing_enabled":true,"_links":{"self":[{"href":"https:\/\/karamazov.fr\/blog\/wp-json\/wp\/v2\/pages\/88","targetHints":{"allow":["GET"]}}],"collection":[{"href":"https:\/\/karamazov.fr\/blog\/wp-json\/wp\/v2\/pages"}],"about":[{"href":"https:\/\/karamazov.fr\/blog\/wp-json\/wp\/v2\/types\/page"}],"author":[{"embeddable":true,"href":"https:\/\/karamazov.fr\/blog\/wp-json\/wp\/v2\/users\/1"}],"replies":[{"embeddable":true,"href":"https:\/\/karamazov.fr\/blog\/wp-json\/wp\/v2\/comments?post=88"}],"version-history":[{"count":2,"href":"https:\/\/karamazov.fr\/blog\/wp-json\/wp\/v2\/pages\/88\/revisions"}],"predecessor-version":[{"id":111,"href":"https:\/\/karamazov.fr\/blog\/wp-json\/wp\/v2\/pages\/88\/revisions\/111"}],"wp:attachment":[{"href":"https:\/\/karamazov.fr\/blog\/wp-json\/wp\/v2\/media?parent=88"}],"curies":[{"name":"wp","href":"https:\/\/api.w.org\/{rel}","templated":true}]}}