{"id":90,"date":"2021-01-07T21:43:06","date_gmt":"2021-01-07T20:43:06","guid":{"rendered":"https:\/\/karamazov.fr\/blog\/?page_id=90"},"modified":"2021-01-21T21:41:55","modified_gmt":"2021-01-21T20:41:55","slug":"le-matos","status":"publish","type":"page","link":"https:\/\/karamazov.fr\/blog\/le-matos\/","title":{"rendered":"Le Matos"},"content":{"rendered":"\n<p>Bon, c&rsquo;est un vaste sujet, on va pas d\u00e9battre ici de ce qui est mieux ou moins bien, je crois que comme beaucoup de choses, c&rsquo;est une question de budget et apr\u00e8s on va se d\u00e9tendre, j&rsquo;ai pas la pr\u00e9tention de vivre de la production de ma bi\u00e8re, c&rsquo;est pour l&rsquo;instant juste pour le fun. <\/p>\n\n\n\n<h2 class=\"wp-block-heading\">La cuve de brassage tout-en-un<\/h2>\n\n\n\n<p>Alors c&rsquo;est clairement \u00e7a qui a d\u00e9clench\u00e9 le reste, j&rsquo;ai eu pour mon anniversaire la brew-monk en 30 litres. Vous connaissez peu \u00eatre ? Perso j&rsquo;en avais juste entendu parl\u00e9 et  quand m\u00eame j&rsquo;avoue que pour le prix, c&rsquo;est valable. \u00c7a permet au plus fain\u00e9ants dont je fais partie de se lancer dans l&rsquo;aventure du tout grains. <\/p>\n\n\n\n<figure class=\"wp-block-image size-large\"><img loading=\"lazy\" decoding=\"async\" width=\"472\" height=\"1024\" src=\"https:\/\/karamazov.fr\/blog\/wp-content\/uploads\/2021\/01\/img_20201029_2107271165848067485507340-472x1024.jpg\" alt=\"\" class=\"wp-image-150\" srcset=\"https:\/\/karamazov.fr\/blog\/wp-content\/uploads\/2021\/01\/img_20201029_2107271165848067485507340-472x1024.jpg 472w, https:\/\/karamazov.fr\/blog\/wp-content\/uploads\/2021\/01\/img_20201029_2107271165848067485507340-scaled-600x1303.jpg 600w, https:\/\/karamazov.fr\/blog\/wp-content\/uploads\/2021\/01\/img_20201029_2107271165848067485507340-138x300.jpg 138w, https:\/\/karamazov.fr\/blog\/wp-content\/uploads\/2021\/01\/img_20201029_2107271165848067485507340-768x1667.jpg 768w, https:\/\/karamazov.fr\/blog\/wp-content\/uploads\/2021\/01\/img_20201029_2107271165848067485507340-708x1536.jpg 708w, https:\/\/karamazov.fr\/blog\/wp-content\/uploads\/2021\/01\/img_20201029_2107271165848067485507340-943x2048.jpg 943w, https:\/\/karamazov.fr\/blog\/wp-content\/uploads\/2021\/01\/img_20201029_2107271165848067485507340-scaled.jpg 1179w\" sizes=\"auto, (max-width: 472px) 100vw, 472px\" \/><figcaption>On ne la pr\u00e9sente plus ! Ah bah si&#8230; <\/figcaption><\/figure>\n\n\n\n<h2 class=\"wp-block-heading\">Tout le merdier<\/h2>\n\n\n\n<p>Ouais c&rsquo;est vrai que la cuve c&rsquo;est tr\u00e8s bien, mais quand m\u00eame si tu veux tout faire de A \u00e0 Z, il y a un paquet de merdier \u00e0 acheter \u00e0 c\u00f4t\u00e9, je te la fait rapide, en gros :<\/p>\n\n\n\n<ul class=\"wp-block-list\"><li>Moulin \u00e0 malt<\/li><li>Fourquet<\/li><li>Thermom\u00e8tre<\/li><li>Densimetre<\/li><li>Tranvaseur<\/li><li>Seaux avec et sans robinet<\/li><li>Barboteur<\/li><li>Hop spider<\/li><li>Refroidisseur a plaques<\/li><li>Tuyaux normaux et alimentaires<\/li><li>Produit de nettoyage <\/li><li>Bouteilles et capsules <\/li><li>Capsuleuse<\/li><\/ul>\n\n\n\n<figure class=\"wp-block-image size-large\"><img loading=\"lazy\" decoding=\"async\" width=\"1024\" height=\"471\" src=\"https:\/\/karamazov.fr\/blog\/wp-content\/uploads\/2021\/01\/img-20210107-wa00205973209306472769195-1024x471.jpg\" alt=\"\" class=\"wp-image-151\" srcset=\"https:\/\/karamazov.fr\/blog\/wp-content\/uploads\/2021\/01\/img-20210107-wa00205973209306472769195-1024x471.jpg 1024w, https:\/\/karamazov.fr\/blog\/wp-content\/uploads\/2021\/01\/img-20210107-wa00205973209306472769195-600x276.jpg 600w, https:\/\/karamazov.fr\/blog\/wp-content\/uploads\/2021\/01\/img-20210107-wa00205973209306472769195-300x138.jpg 300w, https:\/\/karamazov.fr\/blog\/wp-content\/uploads\/2021\/01\/img-20210107-wa00205973209306472769195-768x353.jpg 768w, https:\/\/karamazov.fr\/blog\/wp-content\/uploads\/2021\/01\/img-20210107-wa00205973209306472769195-1536x707.jpg 1536w, https:\/\/karamazov.fr\/blog\/wp-content\/uploads\/2021\/01\/img-20210107-wa00205973209306472769195.jpg 1600w\" sizes=\"auto, (max-width: 1024px) 100vw, 1024px\" \/><figcaption>L&rsquo;arsenal<\/figcaption><\/figure>\n\n\n\n<p>En r\u00e9alit\u00e9 je me suis directement \u00e9quip\u00e9 de certaines choses non indispensables et il me manque des choses importantes&#8230; <\/p>\n\n\n\n<p>Apr\u00e8s j&rsquo;ai achet\u00e9 un st\u00e9rilisateur \u00e0 bocaux de 27L pour chauffer mon eau de rin\u00e7age, un tuyau pour le whirlpool, un manteau d&rsquo;isolation pour la cuve, des pots gradu\u00e9s et quelques autres gadgets, je pense qu&rsquo;il faut s&rsquo;\u00e9quiper petit \u00e0 petit, en fonction des besoins et des exp\u00e9riences. <\/p>\n\n\n\n<h2 class=\"wp-block-heading\">La cellule de fermentation <\/h2>\n\n\n\n<p>Exact, \u00e7a c&rsquo;est un pote qui me l&rsquo;a conseill\u00e9, \u00e7a revient \u00e0 pas cher et \u00e7a permet de ma\u00eetriser sa fermentation.<\/p>\n\n\n\n<p>Tu trouveras des articles qui explique d\u00e9j\u00e0 bien comment faire mais en gros il te faut :<\/p>\n\n\n\n<ul class=\"wp-block-list\"><li>Un vieux frigo<\/li><li>Un chauffage \u00e0 tube<\/li><li>Un r\u00e9gulateur de temp\u00e9rature (inkbird en fait des biens) <\/li><\/ul>\n\n\n\n<figure class=\"wp-block-image size-large\"><img loading=\"lazy\" decoding=\"async\" width=\"472\" height=\"1024\" src=\"https:\/\/karamazov.fr\/blog\/wp-content\/uploads\/2021\/01\/img_20201216_1609085571721464913131266-472x1024.jpg\" alt=\"\" class=\"wp-image-152\" srcset=\"https:\/\/karamazov.fr\/blog\/wp-content\/uploads\/2021\/01\/img_20201216_1609085571721464913131266-472x1024.jpg 472w, https:\/\/karamazov.fr\/blog\/wp-content\/uploads\/2021\/01\/img_20201216_1609085571721464913131266-scaled-600x1303.jpg 600w, https:\/\/karamazov.fr\/blog\/wp-content\/uploads\/2021\/01\/img_20201216_1609085571721464913131266-138x300.jpg 138w, https:\/\/karamazov.fr\/blog\/wp-content\/uploads\/2021\/01\/img_20201216_1609085571721464913131266-768x1667.jpg 768w, https:\/\/karamazov.fr\/blog\/wp-content\/uploads\/2021\/01\/img_20201216_1609085571721464913131266-708x1536.jpg 708w, https:\/\/karamazov.fr\/blog\/wp-content\/uploads\/2021\/01\/img_20201216_1609085571721464913131266-943x2048.jpg 943w, https:\/\/karamazov.fr\/blog\/wp-content\/uploads\/2021\/01\/img_20201216_1609085571721464913131266-scaled.jpg 1179w\" sizes=\"auto, (max-width: 472px) 100vw, 472px\" \/><figcaption>Un branchement de fortune<\/figcaption><\/figure>\n\n\n\n<p>Pour avoir un \u0153il sur la courbe de temp\u00e9rature, j&rsquo;ai ajout\u00e9 une sonde dans mon frigo (fibaro smart implant) associ\u00e9e \u00e0 mon syst\u00e8me de domotique, qui me permet d&rsquo;afficher et de conserver l&rsquo;historique des courbes. \u00c7a me sera utile pour les int\u00e9grer aux pages Web de description des brassins. Ah oui on veut jouer la transparence au maximum !!! <\/p>\n","protected":false},"excerpt":{"rendered":"<p>Bon, c&rsquo;est un vaste sujet, on va pas d\u00e9battre ici de ce qui est mieux ou moins bien, je crois que comme beaucoup de choses, c&rsquo;est une question de budget et apr\u00e8s on va se d\u00e9tendre, j&rsquo;ai pas la pr\u00e9tention de vivre de la production de ma bi\u00e8re, c&rsquo;est pour l&rsquo;instant juste pour le fun. &#8230; <a title=\"Le Matos\" class=\"read-more\" href=\"https:\/\/karamazov.fr\/blog\/le-matos\/\" aria-label=\"Plus sur Le Matos\">Lire plus<\/a><\/p>\n","protected":false},"author":1,"featured_media":0,"parent":0,"menu_order":0,"comment_status":"closed","ping_status":"closed","template":"","meta":{"give_campaign_id":0,"footnotes":""},"class_list":["post-90","page","type-page","status-publish"],"yoast_head":"<!-- This site is optimized with the Yoast SEO plugin v27.4 - https:\/\/yoast.com\/product\/yoast-seo-wordpress\/ -->\n<title>Le Matos - Karamazov - LE BLOG<\/title>\n<meta name=\"description\" content=\"Une toute nouvelle brasserie artisanale annecienne pour les amoureux du houblon\" \/>\n<meta name=\"robots\" content=\"index, follow, max-snippet:-1, max-image-preview:large, max-video-preview:-1\" \/>\n<link rel=\"canonical\" href=\"https:\/\/karamazov.fr\/blog\/le-matos\/\" \/>\n<meta property=\"og:locale\" content=\"fr_FR\" \/>\n<meta property=\"og:type\" content=\"article\" \/>\n<meta property=\"og:title\" content=\"Le Matos - Karamazov - LE BLOG\" \/>\n<meta property=\"og:description\" content=\"Une toute nouvelle brasserie artisanale annecienne pour les amoureux du houblon\" \/>\n<meta property=\"og:url\" content=\"https:\/\/karamazov.fr\/blog\/le-matos\/\" \/>\n<meta property=\"og:site_name\" content=\"Karamazov - LE BLOG\" \/>\n<meta property=\"article:modified_time\" content=\"2021-01-21T20:41:55+00:00\" \/>\n<meta property=\"og:image\" content=\"https:\/\/karamazov.fr\/blog\/wp-content\/uploads\/2021\/01\/img_20201029_2107271165848067485507340-472x1024.jpg\" \/>\n<meta name=\"twitter:card\" content=\"summary_large_image\" \/>\n<meta name=\"twitter:label1\" content=\"Dur\u00e9e de lecture estim\u00e9e\" \/>\n\t<meta name=\"twitter:data1\" content=\"2 minutes\" \/>\n<script type=\"application\/ld+json\" class=\"yoast-schema-graph\">{\"@context\":\"https:\\\/\\\/schema.org\",\"@graph\":[{\"@type\":\"WebPage\",\"@id\":\"https:\\\/\\\/karamazov.fr\\\/blog\\\/le-matos\\\/\",\"url\":\"https:\\\/\\\/karamazov.fr\\\/blog\\\/le-matos\\\/\",\"name\":\"Le Matos - Karamazov - LE BLOG\",\"isPartOf\":{\"@id\":\"https:\\\/\\\/karamazov.fr\\\/blog\\\/#website\"},\"primaryImageOfPage\":{\"@id\":\"https:\\\/\\\/karamazov.fr\\\/blog\\\/le-matos\\\/#primaryimage\"},\"image\":{\"@id\":\"https:\\\/\\\/karamazov.fr\\\/blog\\\/le-matos\\\/#primaryimage\"},\"thumbnailUrl\":\"https:\\\/\\\/karamazov.fr\\\/blog\\\/wp-content\\\/uploads\\\/2021\\\/01\\\/img_20201029_2107271165848067485507340-472x1024.jpg\",\"datePublished\":\"2021-01-07T20:43:06+00:00\",\"dateModified\":\"2021-01-21T20:41:55+00:00\",\"description\":\"Une toute nouvelle brasserie artisanale annecienne pour les amoureux du houblon\",\"breadcrumb\":{\"@id\":\"https:\\\/\\\/karamazov.fr\\\/blog\\\/le-matos\\\/#breadcrumb\"},\"inLanguage\":\"fr-FR\",\"potentialAction\":[{\"@type\":\"ReadAction\",\"target\":[\"https:\\\/\\\/karamazov.fr\\\/blog\\\/le-matos\\\/\"]}]},{\"@type\":\"ImageObject\",\"inLanguage\":\"fr-FR\",\"@id\":\"https:\\\/\\\/karamazov.fr\\\/blog\\\/le-matos\\\/#primaryimage\",\"url\":\"https:\\\/\\\/karamazov.fr\\\/blog\\\/wp-content\\\/uploads\\\/2021\\\/01\\\/img_20201029_2107271165848067485507340-472x1024.jpg\",\"contentUrl\":\"https:\\\/\\\/karamazov.fr\\\/blog\\\/wp-content\\\/uploads\\\/2021\\\/01\\\/img_20201029_2107271165848067485507340-472x1024.jpg\"},{\"@type\":\"BreadcrumbList\",\"@id\":\"https:\\\/\\\/karamazov.fr\\\/blog\\\/le-matos\\\/#breadcrumb\",\"itemListElement\":[{\"@type\":\"ListItem\",\"position\":1,\"name\":\"Accueil\",\"item\":\"https:\\\/\\\/karamazov.fr\\\/blog\\\/\"},{\"@type\":\"ListItem\",\"position\":2,\"name\":\"Le Matos\"}]},{\"@type\":\"WebSite\",\"@id\":\"https:\\\/\\\/karamazov.fr\\\/blog\\\/#website\",\"url\":\"https:\\\/\\\/karamazov.fr\\\/blog\\\/\",\"name\":\"Karamazov - LE BLOG\",\"description\":\"Les aventures d&#039;un brasseur amateur...\",\"publisher\":{\"@id\":\"https:\\\/\\\/karamazov.fr\\\/blog\\\/#organization\"},\"potentialAction\":[{\"@type\":\"SearchAction\",\"target\":{\"@type\":\"EntryPoint\",\"urlTemplate\":\"https:\\\/\\\/karamazov.fr\\\/blog\\\/?s={search_term_string}\"},\"query-input\":{\"@type\":\"PropertyValueSpecification\",\"valueRequired\":true,\"valueName\":\"search_term_string\"}}],\"inLanguage\":\"fr-FR\"},{\"@type\":\"Organization\",\"@id\":\"https:\\\/\\\/karamazov.fr\\\/blog\\\/#organization\",\"name\":\"karamazov\",\"url\":\"https:\\\/\\\/karamazov.fr\\\/blog\\\/\",\"logo\":{\"@type\":\"ImageObject\",\"inLanguage\":\"fr-FR\",\"@id\":\"https:\\\/\\\/karamazov.fr\\\/blog\\\/#\\\/schema\\\/logo\\\/image\\\/\",\"url\":\"https:\\\/\\\/karamazov.fr\\\/blog\\\/wp-content\\\/uploads\\\/2021\\\/01\\\/logo_1_original_green7934934127225191496.png\",\"contentUrl\":\"https:\\\/\\\/karamazov.fr\\\/blog\\\/wp-content\\\/uploads\\\/2021\\\/01\\\/logo_1_original_green7934934127225191496.png\",\"width\":1140,\"height\":1140,\"caption\":\"karamazov\"},\"image\":{\"@id\":\"https:\\\/\\\/karamazov.fr\\\/blog\\\/#\\\/schema\\\/logo\\\/image\\\/\"}}]}<\/script>\n<!-- \/ Yoast SEO plugin. -->","yoast_head_json":{"title":"Le Matos - Karamazov - LE BLOG","description":"Une toute nouvelle brasserie artisanale annecienne pour les amoureux du houblon","robots":{"index":"index","follow":"follow","max-snippet":"max-snippet:-1","max-image-preview":"max-image-preview:large","max-video-preview":"max-video-preview:-1"},"canonical":"https:\/\/karamazov.fr\/blog\/le-matos\/","og_locale":"fr_FR","og_type":"article","og_title":"Le Matos - Karamazov - LE BLOG","og_description":"Une toute nouvelle brasserie artisanale annecienne pour les amoureux du houblon","og_url":"https:\/\/karamazov.fr\/blog\/le-matos\/","og_site_name":"Karamazov - LE BLOG","article_modified_time":"2021-01-21T20:41:55+00:00","og_image":[{"url":"https:\/\/karamazov.fr\/blog\/wp-content\/uploads\/2021\/01\/img_20201029_2107271165848067485507340-472x1024.jpg","type":"","width":"","height":""}],"twitter_card":"summary_large_image","twitter_misc":{"Dur\u00e9e de lecture estim\u00e9e":"2 minutes"},"schema":{"@context":"https:\/\/schema.org","@graph":[{"@type":"WebPage","@id":"https:\/\/karamazov.fr\/blog\/le-matos\/","url":"https:\/\/karamazov.fr\/blog\/le-matos\/","name":"Le Matos - Karamazov - LE BLOG","isPartOf":{"@id":"https:\/\/karamazov.fr\/blog\/#website"},"primaryImageOfPage":{"@id":"https:\/\/karamazov.fr\/blog\/le-matos\/#primaryimage"},"image":{"@id":"https:\/\/karamazov.fr\/blog\/le-matos\/#primaryimage"},"thumbnailUrl":"https:\/\/karamazov.fr\/blog\/wp-content\/uploads\/2021\/01\/img_20201029_2107271165848067485507340-472x1024.jpg","datePublished":"2021-01-07T20:43:06+00:00","dateModified":"2021-01-21T20:41:55+00:00","description":"Une toute nouvelle brasserie artisanale annecienne pour les amoureux du houblon","breadcrumb":{"@id":"https:\/\/karamazov.fr\/blog\/le-matos\/#breadcrumb"},"inLanguage":"fr-FR","potentialAction":[{"@type":"ReadAction","target":["https:\/\/karamazov.fr\/blog\/le-matos\/"]}]},{"@type":"ImageObject","inLanguage":"fr-FR","@id":"https:\/\/karamazov.fr\/blog\/le-matos\/#primaryimage","url":"https:\/\/karamazov.fr\/blog\/wp-content\/uploads\/2021\/01\/img_20201029_2107271165848067485507340-472x1024.jpg","contentUrl":"https:\/\/karamazov.fr\/blog\/wp-content\/uploads\/2021\/01\/img_20201029_2107271165848067485507340-472x1024.jpg"},{"@type":"BreadcrumbList","@id":"https:\/\/karamazov.fr\/blog\/le-matos\/#breadcrumb","itemListElement":[{"@type":"ListItem","position":1,"name":"Accueil","item":"https:\/\/karamazov.fr\/blog\/"},{"@type":"ListItem","position":2,"name":"Le Matos"}]},{"@type":"WebSite","@id":"https:\/\/karamazov.fr\/blog\/#website","url":"https:\/\/karamazov.fr\/blog\/","name":"Karamazov - LE BLOG","description":"Les aventures d&#039;un brasseur amateur...","publisher":{"@id":"https:\/\/karamazov.fr\/blog\/#organization"},"potentialAction":[{"@type":"SearchAction","target":{"@type":"EntryPoint","urlTemplate":"https:\/\/karamazov.fr\/blog\/?s={search_term_string}"},"query-input":{"@type":"PropertyValueSpecification","valueRequired":true,"valueName":"search_term_string"}}],"inLanguage":"fr-FR"},{"@type":"Organization","@id":"https:\/\/karamazov.fr\/blog\/#organization","name":"karamazov","url":"https:\/\/karamazov.fr\/blog\/","logo":{"@type":"ImageObject","inLanguage":"fr-FR","@id":"https:\/\/karamazov.fr\/blog\/#\/schema\/logo\/image\/","url":"https:\/\/karamazov.fr\/blog\/wp-content\/uploads\/2021\/01\/logo_1_original_green7934934127225191496.png","contentUrl":"https:\/\/karamazov.fr\/blog\/wp-content\/uploads\/2021\/01\/logo_1_original_green7934934127225191496.png","width":1140,"height":1140,"caption":"karamazov"},"image":{"@id":"https:\/\/karamazov.fr\/blog\/#\/schema\/logo\/image\/"}}]}},"campaignId":"","jetpack-related-posts":[],"jetpack_sharing_enabled":true,"_links":{"self":[{"href":"https:\/\/karamazov.fr\/blog\/wp-json\/wp\/v2\/pages\/90","targetHints":{"allow":["GET"]}}],"collection":[{"href":"https:\/\/karamazov.fr\/blog\/wp-json\/wp\/v2\/pages"}],"about":[{"href":"https:\/\/karamazov.fr\/blog\/wp-json\/wp\/v2\/types\/page"}],"author":[{"embeddable":true,"href":"https:\/\/karamazov.fr\/blog\/wp-json\/wp\/v2\/users\/1"}],"replies":[{"embeddable":true,"href":"https:\/\/karamazov.fr\/blog\/wp-json\/wp\/v2\/comments?post=90"}],"version-history":[{"count":3,"href":"https:\/\/karamazov.fr\/blog\/wp-json\/wp\/v2\/pages\/90\/revisions"}],"predecessor-version":[{"id":153,"href":"https:\/\/karamazov.fr\/blog\/wp-json\/wp\/v2\/pages\/90\/revisions\/153"}],"wp:attachment":[{"href":"https:\/\/karamazov.fr\/blog\/wp-json\/wp\/v2\/media?parent=90"}],"curies":[{"name":"wp","href":"https:\/\/api.w.org\/{rel}","templated":true}]}}